ulate d(-11).
60
Let g(r) = r**3 + 78*r**2 - 118*r - 3084. Give g(-79).
-3
Let y(x) = 19*x**3 + 3*x**2 + 3*x - 19. Calculate y(2).
151
Let f(t) = -25*t - 660. What is f(-25)?
-35
Let k(w) = 3*w**3 - 12*w**2 - 5*w + 13. Give k(4).
-7
Let w(q) = 14*q + 121. What is w(-4)?
65
Let h(w) = 3*w**3 + 55*w**2 - 29*w + 189. Determine h(-19).
18
Let w(u) = 2*u - 51. Calculate w(-9).
-69
Let i(k) = -5*k**2 - 62*k + 525. What is i(-20)?
-235
Let y(v) = 12*v**2 + 49*v - 141. Give y(3).
114
Let y(q) = q**2 - 30*q + 116. Give y(5).
-9
Let m(n) = 12*n**2 - 51*n + 9. Calculate m(7).
240
Let x(f) = f**2 - 82*f + 975. What is x(14)?
23
Let f(d) = 2*d**2 - 609*d - 4348. Determine f(-7).
13
Let a(p) = -4*p - 86. Calculate a(-34).
50
Let l(o) = -12*o + 127. Determine l(10).
7
Let z(x) = 63*x - 5. Determine z(1).
58
Let z(s) = -8*s**2 + 416*s + 4. Calculate z(52).
4
Let n(g) = g**2 - 27*g - 922. Calculate n(47).
18
Let q(d) = d**2 + 108*d + 1603. Calculate q(-20).
-157
Let x(f) = 399*f - 28757. Determine x(72).
-29
Let f(p) = 43*p + 1423. Determine f(-34).
-39
Let j(l) = 214*l - 3853. Give j(18).
-1
Let v(k) = -4*k - 190. Calculate v(-87).
158
Let w(k) = -138*k + 344. Determine w(3).
-70
Let w(g) = -4*g**2 + 20*g + 205. What is w(10)?
5
Let j(c) = -c**3 - 14*c**2 - 19*c + 63. Give j(-12).
3
Let z(d) = 13*d**2 - 8*d + 12. Determine z(2).
48
Let z(s) = -s - 33. Give z(6).
-39
Let o(y) = -6*y**2 - 93*y - 125. Give o(-14).
1
Let x(i) = 117*i + 10373. Calculate x(-89).
-40
Let j(t) = -16*t + 701. What is j(45)?
-19
Let c(h) = h**3 + 87*h**2 - 270*h - 15. Calculate c(-90).
-15
Let v(a) = -6*a - 33. Give v(-9).
21
Let y(f) = -5*f**2 + 3*f - 15. What is y(-5)?
-155
Let i(n) = n**3 - 12*n**2 + 4*n - 6. Calculate i(10).
-166
Let c(t) = -2*t**3 + 18*t**2 + 45*t - 369. Give c(8).
119
Let o(g) = -89*g + 130. Calculate o(1).
41
Let i(m) = -75*m + 45. Calculate i(3).
-180
Let o(q) = q**3 - 178*q**2 - 367*q + 1250. Give o(180).
-10
Let f(k) = -2*k**2 + 89*k + 1619. Determine f(-15).
-166
Let r(z) = z**3 - 5*z**2 + 45*z - 144. What is r(5)?
81
Let g(h) = h**2 + 155*h + 5598. Determine g(-98).
12
Let a(n) = -39*n + 14. Give a(2).
-64
Let m(z) = -z**3 + 9*z**2 + 6*z - 126. Calculate m(0).
-126
Let h(q) = -7*q**2 - 66*q + 15. Calculate h(-9).
42
Let r(v) = v**3 - 15*v**2 + 23*v + 86. Determine r(11).
-145
Let y(o) = 20*o + 966. Calculate y(-49).
-14
Let k(q) = -20*q - 6. What is k(16)?
-326
Let a(z) = -38*z - 487. Give a(-8).
-183
Let l(v) = 11*v**2 - 22*v - 12. Calculate l(2).
-12
Let a(h) = 2*h**2 - 119*h + 7. Give a(0).
7
Let d(h) = h**2 - 174*h - 32063. Determine d(286).
-31
Let t(x) = x**3 - 72*x**2 + 148*x - 552. What is t(70)?
8
Let v(t) = -2*t**3 + 6*t**2 - 16*t + 29. Give v(5).
-151
Let o(y) = -y**3 - 82*y**2 - 100*y - 1543. Give o(-81).
-4
Let k(z) = -2070*z**2 + 4137*z - 7. Determine k(2).
-13
Let t(x) = -4*x**3 - 85*x**2 - 19*x + 4. Calculate t(-21).
-38
Let h(d) = -3*d**2 + 165*d - 94. Give h(54).
68
Let i(p) = -131*p + 2878. Calculate i(22).
-4
Let d(n) = -657*n + 1970. Give d(3).
-1
Let g(b) = -b**3 + 7*b**2 + 7*b - 50. What is g(9)?
-149
Let f(k) = k**3 + 14*k**2 - 308*k + 105. What is f(-26)?
1
Let y(s) = -122*s + 13899. Give y(114).
-9
Let g(b) = 12*b + 21. Determine g(-24).
-267
Let j(h) = 652*h + 4639. Give j(-7).
75
Let n(g) = 8*g - 259. Calculate n(33).
5
Let d(h) = -h**3 + 53*h**2 + h + 13. Calculate d(0).
13
Let d(z) = 55*z**2 + 2*z - 1. Determine d(-1).
52
Let l(z) = -157*z + 31. Give l(-1).
188
Let m(a) = -a**2 - 37*a - 233. Give m(-38).
-271
Let n(b) = 4316*b + 21584. Give n(-5).
4
Let i(y) = -9*y**2 - 50*y + 164. Give i(3).
-67
Let u(x) = -7*x + 287. What is u(37)?
28
Let q(w) = -43*w + 3448. Calculate q(81).
-35
Let j(s) = -7905*s + 47437. Calculate j(6).
7
Let d(l) = -15*l**2 - 8*l + 5. Give d(-1).
-2
Let i(j) = -49*j + 29. Determine i(0).
29
Let a(g) = g**3 + 3*g**2 - 3*g + 179. Determine a(-7).
4
Let w(t) = -6*t**3 - t**2 + 11*t + 22. Calculate w(-3).
142
Let z(y) = -100*y**3 + y**2 + 16*y + 16. What is z(-1)?
101
Let x(u) = u**3 + 12*u**2 - 29*u - 27. Give x(-14).
-13
Let p(j) = -2*j**2 + 14*j + 40. Calculate p(-4).
-48
Let i(c) = 11*c**3 - c**2 - c + 6. Calculate i(-2).
-84
Let g(n) = 71*n - 624. What is g(8)?
-56
Let v(q) = -13*q + 138. Give v(10).
8
Let b(r) = -14*r + 271. Determine b(5).
201
Let y(z) = 60*z + 87. Give y(-5).
-213
Let n(g) = 13*g**3 - 206*g**2 - 28*g - 64. Calculate n(16).
0
Let p(a) = -6*a**2 - 73*a + 325. What is p(5)?
-190
Let g(t) = -18*t**2 + 563*t - 125. Give g(31).
30
Let h(i) = 16091*i - 48271. Calculate h(3).
2
Let o(h) = h**3 - 108*h**2 + 2387*h - 5. Give o(31).
-5
Let d(a) = 2*a**3 + 176*a**2 + 166*a - 655. Calculate d(-87).
41
Let w(k) = -k**3 + 3*k**2 - 9*k + 26. Give w(5).
-69
Let t(f) = 12*f - 980. Give t(75).
-80
Let u(s) = 28*s - 1420. What is u(51)?
8
Let d(u) = -2*u**2 - 448*u + 2291. Determine d(-229).
1
Let j(m) = 2*m**2 - 21*m - 40. Determine j(-2).
10
Let d(g) = 16*g + 117. Calculate d(-5).
37
Let t(j) = -j**3 - 13*j**2 + 17*j - 82. Give t(-11).
-511
Let o(f) = f**3 + 13*f**2 + 2*f - 135. Give o(-10).
145
Let s(p) = 21*p + 15. What is s(1)?
36
Let y(m) = -16*m**2 - 6*m - 1. Determine y(3).
-163
Let r(u) = -u**3 - 9*u**2 + 172*u + 1631. Give r(-10).
11
Let h(a) = 136*a - 1093. Determine h(8).
-5
Let f(h) = h**2 - 23*h + 131. Calculate f(12).
-1
Let a(l) = -30*l**2 - 36*l - 121. What is a(-5)?
-691
Let s(b) = -8*b**2 + 219*b + 440. What is s(-2)?
-30
Let i(g) = 3173*g + 9485. Calculate i(-3).
-34
Let v(z) = -z**2 + 44*z + 167. What is v(36)?
455
Let x(o) = -2*o**2 - 51*o - 126. Determine x(-23).
-11
Let l(v) = v**3 - 22*v**2 + 96*v + 227. What is l(14)?
3
Let h(j) = j**2 + 22*j - 260. Give h(-30).
-20
Let i(l) = -l**3 - 45*l**2 + l + 15. Give i(0).
15
Let w(b) = b**3 + 17*b**2 - 7*b - 64. Give w(-17).
55
Let z(d) = -131*d + 9301. Determine z(71).
0
Let g(a) = a**2 + 23*a + 29. Give g(-9).
-97
Let n(o) = 56*o + 506. What is n(-11)?
-110
Let f(j) = 398*j + 75. Give f(1).
473
Let t(m) = -46*m + 31. Calculate t(-8).
399
Let d(c) = 2*c**2 - 41*c + 27. Determine d(16).
-117
Let z(x) = -x**3 - x**2 - 64*x - 424. Calculate z(-5).
-4
Let i(t) = 39*t**2 + 7*t - 12. Determine i(0).
-12
Let g(r) = 4*r + 142. Calculate g(9).
178
Let a(f) = -5*f**3 + 151*f**2 - 32*f + 70. Calculate a(30).
10
Let g(q) = -77*q + 879. What is g(11)?
32
Let n(y) = 3*y**3 + 26*y**2 - 8*y - 17. Give n(-10).
-337
Let q(f) = -5174*f + 36186. Determine q(7).
-32
Let m(x) = -x**2 - 33*x + 13. Calculate m(-33).
13
Let m(f) = 4*f**2 + 1410*f + 1411. What is m(-1)?
5
Let i(s) = 2150*s - 49505. Calculate i(23).
-55
Let t(z) = -1473*z + 17562. Give t(12).
-114
Let x(m) = -316*m - 1666. Calculate x(-5).
-86
Let h(b) = -b**2 + 29*b + 983. What is h(-20)?
3
Let q(m) = -51*m + 6961. Calculate q(136).
25
Let s(c) = 216*c + 2001. Determine s(-10).
-159
Let p(j) = -3*j**3 + 26*j**2 + 3*j - 7. Calculate p(9).
-61
Let w(d) = -d**3 + 45*d**2 - 53*d + 368. Calculate w(44).
-28
Let x(u) = 243*u + 1462. Calculate x(-6).
4
Let v(c) = -c**3 - 19*c**2 - 19*c + 87. What is v(-13)?
-680
Let f(r) = -220*r**3 - 2*r**2 + 2. Calculate f(-1).
220
Let y(v) = v**2 - 33*v + 78. Give y(30).
-12
Let a(s) = -1707*s + 8536. Determine a(5).
1
Let q(f) = -f**3 + 20*f**2 + 123. Calculate q(19).
484
Let z(a) = 847*a + 3398. Calculate z(-4).
10
Let r(a) = 3*a**2 + 112*a - 920. Give r(-44).
-40
Let t(i) = 7*i - 274. Give t(34).
-36
Let z(u) = -73*u - 603. Determine z(-8).
-19
Let g(q) = 86*q + 72. Determine g(-1).
-14
Let t(p) = p**3 - 14*p**2 + 9. Determine t(14).
9
Let f(m) = -m**3 - 11*m**2 + 43*m + 5. Determine f(-14).
-9
Let g(t) = 4*t**2 + 276*t - 589. Give g(-71).
-21
Let l(a) = a**3 + 2*a**2 + 2*a + 14. Calculate l(0).
14
Let p(m) = -m**2 + 98*m + 1681. Determine p(-15).
-14
Let n(g) = 2*g**3 + 77*g**2 - 46*g - 217. What is n(-39)?
56
Let w(l) = 12*l**2 + 245*l - 5. Calculate w(-20).
-105
Let d(s) = -1049*s - 5259. What is d(-5)?
-14
Let t(q) = 64*q + 1052. What is t(-17)?
-36
Let q(d) = -87*d - 223. Determine q(-2).
-49
Let r(f) = -2*f**3 + 30*f**2 - 72*f + 1065. What is r(15)?
-15
Let b(d) = -d + 125. Determine b(45).
80
Let o(u) = 45*u - 434. Determine o(13).
151
Let f(g) = -g**2 - 99*g - 2161. What is f(-64)?
79
Let r(l) = -80*l + 480. Determine r(6).
0
Let j(h) = 2*h**3 + 44*h